{"id":42,"date":"2025-06-19T14:27:29","date_gmt":"2025-06-19T14:27:29","guid":{"rendered":"https:\/\/jandira360.com.br\/expobigua\/gallery\/"},"modified":"2025-06-27T21:13:34","modified_gmt":"2025-06-27T21:13:34","slug":"gallery","status":"publish","type":"page","link":"https:\/\/jandira360.com.br\/expobigua\/gallery\/","title":{"rendered":"Gallery"},"content":{"rendered":"\n\n\n<h2><span style=\"color: rgb(0, 0, 0); font-family: Ubuntu; font-size: 42px; text-align: left; text-transform: uppercase;\">Vernissage&nbsp;<\/span><\/h2><p>A vernissage aconteceu no audit\u00f3rio do Templo Oomoto e recebeu diversos convidados, em um momento \u00fanico para a hist\u00f3ria da cidade de Jandira.<\/p>\n\n\n\n\n\n\n\n\n\n\n\n\n\n\n\n<h3>\n\n\ngaleria &#8211; Visitas das ESCOLAS&nbsp;<\/h3>\n<p style=\"font-family: roboto; font-size:12px;font-weight:500;color:#000;line-height:2\">Com apoio da Secretaria de Educa\u00e7\u00e3o de Jandira, alunos das EMEBs visitaram a exposi\u00e7\u00e3o<\/p>\n\n\n\n\n\n\n\n\n\n\n\n\n\n\n\n\n\n\n\n\n\n\n\n\n\n\n\n\n\n\n\n\n\n\n\n\n\n\n\n\n\n\n\n\n\n\n\n\n\n\n\n\n\n\n\n\n\n\n\n\n\n\n\n\n\n\n\n\n\n\n\n\n\n\n\n\n\n\n\n\n\n\n\n\n\n\n\n\n\n\n\n\n\n\n\n\n\n\n\n\n\n\n\n\n\n\n\n\n\n\n\n\n\n\n\n\n\n\n\n\n\n\n\n\n\n\n\n\n\n\n\n\n\n\n\n\n\n\n\n\n\n\n\n\n\n\n\n\n\n\n\n\n\n\n\n\n\n\n\n\n\n\n\n\n\n\n\n\n\n\n\n\n\n\n\n\n\n\n\n\n\n\n\n\n\n\n\n\n\n\n\n\n\n\n\n\n\n\n\n\n\n\n\n\n\n\n\n\n\n\n\n\n\n\n\n\n\n\n\n\n\n\n\n\n\n\n\n\n\n\n<h3 style=\"font-family: Ubuntu; color: rgb(0, 0, 0); text-decoration-style: initial; text-transform: uppercase; text-align: left; font-weight: 500 !important; line-height: 1em !important;\">galeria &#8211; secretaria de educa\u00e7\u00e3o&nbsp;<\/h3>\n<p>A exposi\u00e7\u00e3o passou pela Secretaria de Educa\u00e7\u00e3o de Jandira, onde professores, diretores e servidores em geral tiveram acesso as obras.<\/p>\n\n\n\n\n\n\n\n\n\n\n\n\n\n\n\n\n\n\n\n\n\n\n\n\n\n\n\n\n\n\n\n\n\n\n\n\n\n\n\n\n\n\n\n\n\n\n\n\n\n\n\n\n\n\n\n\n\n\n\n\n\n\n\n\n\n\n\n\n\n\n\n\n\n\n\n\n\n\n\n\n\n\n\n\n\n\n\n\n\n\n\n\n\n\n\n\n\n\n\n\n\n\n<h2>EXPOSI\u00c7\u00c3O NA EMEB DIMAS JORD\u00c3O<\/h2>\n\n\n\n\n\n\n<p style=\"text-align: center; \"><font color=\"#ffffff\"><span style=\"font-size: 24px;\">The C<\/span><\/font><span style=\"background-color: transparent; font-size: 24px;\"><font color=\"#ffffff\">rucifix<\/font><\/span><\/p>\n\n\n\n\n<p style=\"text-align: center; \"><font color=\"#ffffff\"><span style=\"font-size: 24px;\">The C<\/span><\/font><span style=\"background-color: transparent; font-size: 24px;\"><font color=\"#ffffff\">rucifix<\/font><\/span><\/p>\n\n\n\n\n<p style=\"text-align: center; \"><font color=\"#ffffff\"><span style=\"font-size: 24px;\">The C<\/span><\/font><span style=\"background-color: transparent; font-size: 24px;\"><font color=\"#ffffff\">rucifix<\/font><\/span><\/p>\n\n\n\n\n\n\n<p style=\"text-align: center; \"><font color=\"#ffffff\"><span style=\"font-size: 24px;\">The C<\/span><\/font><span style=\"background-color: transparent; font-size: 24px;\"><font color=\"#ffffff\">rucifix<\/font><\/span><\/p>\n\n\n\n\n<p style=\"text-align: center; \"><span style=\"font-size: 24px; color: rgb(255, 255, 255);\">Awareness Event<\/span><\/p>\n\n\n\n\n<p style=\"text-align: center; \"><span style=\"font-size: 24px; color: rgb(255, 255, 255);\">Text to Give<\/span><\/p>\n\n\n\n\n\n\n<p style=\"text-align: center; \"><span style=\"font-size: 24px; color: rgb(255, 255, 255);\">The Sermons<\/span><\/p>\n\n\n\n\n<p style=\"text-align: center; \"><font color=\"#ffffff\"><span style=\"font-size: 24px;\">The C<\/span><\/font><span style=\"background-color: transparent; font-size: 24px;\"><font color=\"#ffffff\">rucifix<\/font><\/span><\/p>\n\n\n\n\n<p style=\"text-align: center; \"><font color=\"#ffffff\"><span style=\"font-size: 24px;\">The C<\/span><\/font><span style=\"background-color: transparent; font-size: 24px;\"><font color=\"#ffffff\">rucifix<\/font><\/span><\/p>\n\n\n\n\n","protected":false},"excerpt":{"rendered":"","protected":false},"author":1,"featured_media":0,"parent":0,"menu_order":0,"comment_status":"closed","ping_status":"closed","template":"","meta":{"pagelayer_contact_templates":[],"_pagelayer_content":"","footnotes":""},"class_list":["post-42","page","type-page","status-publish","hentry"],"_links":{"self":[{"href":"https:\/\/jandira360.com.br\/expobigua\/wp-json\/wp\/v2\/pages\/42","targetHints":{"allow":["GET"]}}],"collection":[{"href":"https:\/\/jandira360.com.br\/expobigua\/wp-json\/wp\/v2\/pages"}],"about":[{"href":"https:\/\/jandira360.com.br\/expobigua\/wp-json\/wp\/v2\/types\/page"}],"author":[{"embeddable":true,"href":"https:\/\/jandira360.com.br\/expobigua\/wp-json\/wp\/v2\/users\/1"}],"replies":[{"embeddable":true,"href":"https:\/\/jandira360.com.br\/expobigua\/wp-json\/wp\/v2\/comments?post=42"}],"version-history":[{"count":8,"href":"https:\/\/jandira360.com.br\/expobigua\/wp-json\/wp\/v2\/pages\/42\/revisions"}],"predecessor-version":[{"id":307,"href":"https:\/\/jandira360.com.br\/expobigua\/wp-json\/wp\/v2\/pages\/42\/revisions\/307"}],"wp:attachment":[{"href":"https:\/\/jandira360.com.br\/expobigua\/wp-json\/wp\/v2\/media?parent=42"}],"curies":[{"name":"wp","href":"https:\/\/api.w.org\/{rel}","templated":true}]}}

<h2><span style="color: rgb(0, 0, 0); font-family: Ubuntu; font-size: 42px; text-align: left; text-transform: uppercase;">Vernissage&nbsp;</span></h2><p>A vernissage aconteceu no auditório do Templo Oomoto e recebeu diversos convidados, em um momento único para a história da cidade de Jandira.</p>















<h3>


galeria &#8211; Visitas das ESCOLAS&nbsp;</h3>
<p style="font-family: roboto; font-size:12px;font-weight:500;color:#000;line-height:2">Com apoio da Secretaria de Educação de Jandira, alunos das EMEBs visitaram a exposição</p>






































































































































































































































<h3 style="font-family: Ubuntu; color: rgb(0, 0, 0); text-decoration-style: initial; text-transform: uppercase; text-align: left; font-weight: 500 !important; line-height: 1em !important;">galeria &#8211; secretaria de educação&nbsp;</h3>
<p>A exposição passou pela Secretaria de Educação de Jandira, onde professores, diretores e servidores em geral tiveram acesso as obras.</p>






































































































<h2>EXPOSIÇÃO NA EMEB DIMAS JORDÃO</h2>






<p style="text-align: center; "><font color="#ffffff"><span style="font-size: 24px;">The C</span></font><span style="background-color: transparent; font-size: 24px;"><font color="#ffffff">rucifix</font></span></p>




<p style="text-align: center; "><font color="#ffffff"><span style="font-size: 24px;">The C</span></font><span style="background-color: transparent; font-size: 24px;"><font color="#ffffff">rucifix</font></span></p>




<p style="text-align: center; "><font color="#ffffff"><span style="font-size: 24px;">The C</span></font><span style="background-color: transparent; font-size: 24px;"><font color="#ffffff">rucifix</font></span></p>






<p style="text-align: center; "><font color="#ffffff"><span style="font-size: 24px;">The C</span></font><span style="background-color: transparent; font-size: 24px;"><font color="#ffffff">rucifix</font></span></p>




<p style="text-align: center; "><span style="font-size: 24px; color: rgb(255, 255, 255);">Awareness Event</span></p>




<p style="text-align: center; "><span style="font-size: 24px; color: rgb(255, 255, 255);">Text to Give</span></p>






<p style="text-align: center; "><span style="font-size: 24px; color: rgb(255, 255, 255);">The Sermons</span></p>




<p style="text-align: center; "><font color="#ffffff"><span style="font-size: 24px;">The C</span></font><span style="background-color: transparent; font-size: 24px;"><font color="#ffffff">rucifix</font></span></p>




<p style="text-align: center; "><font color="#ffffff"><span style="font-size: 24px;">The C</span></font><span style="background-color: transparent; font-size: 24px;"><font color="#ffffff">rucifix</font></span></p>
